{"id":273,"date":"2024-04-03T04:10:18","date_gmt":"2024-04-03T02:10:18","guid":{"rendered":"https:\/\/dislabequipomedico.com\/?post_type=product&#038;p=273"},"modified":"2024-05-09T19:01:36","modified_gmt":"2024-05-10T01:01:36","slug":"monitor-de-paciente-8-4-5-parametros-cat-com-c50-marca-comen","status":"publish","type":"product","link":"https:\/\/dislabequipomedico.com\/index.php\/producto\/monitor-de-paciente-8-4-5-parametros-cat-com-c50-marca-comen\/","title":{"rendered":"Monitor de paciente 8.4&#8243; 5 par\u00e1metros Cat. COM-C50 Marca Comen"},"content":{"rendered":"<p><strong>Monitor multipar\u00e1metros para pacientes Cat. COM-C50 Marca Comen<\/strong><\/p>\n<p>Caracteristicas:<\/p>\n<ul>\n<li>Pantalla color t\u00e1ctil con tecnolog\u00eda TFT de 10,4&#8243;<\/li>\n<li>Dise\u00f1o a prueba de agua tipo IPX1, buen desempe\u00f1o en condiciones ambientales diversas<\/li>\n<li>Pantalla inclinada para facilitar la observaci\u00f3n<\/li>\n<li>Bater\u00edas de Ion-Litio de 4000mAh, m\u00e1s de 4 horas de autonom\u00eda<\/li>\n<li>An\u00e1lisis de arritmias, Alarma de Apnea, OxyCRG<\/li>\n<li>Tapa protectora anti polvo para PANI<\/li>\n<li>Interfaces: Tarjeta SD, red USB, VGA, Llamada de enfermera<\/li>\n<li>Puerto especial de presi\u00f3n no invasiva (NIBP) con tapa protectora<\/li>\n<li>An\u00e1lisis ECG de 7 derivaciones<\/li>\n<li>An\u00e1lisis de arritmias y segmento ST, C\u00e1lculo de dosis de medicamentos<\/li>\n<li>Detecci\u00f3n de marcapasos, protecci\u00f3n anti desfibrilaci\u00f3n<\/li>\n<li>Apoyo para la conexi\u00f3n a un monitor externo (Salida VGA)<\/li>\n<li>Fuente de alimentaci\u00f3n de corriente alterna, bater\u00eda recargable de Li-ion hasta 240 minutos, protecci\u00f3n de datos frente a corte de energ\u00eda<\/li>\n<li>Puertos de expansi\u00f3n reservados como por ejemplo para tarjeta SD, puerto USB y red<\/li>\n<\/ul>\n<p>Configuraci\u00f3n Est\u00e1ndar:<\/p>\n<ul>\n<li>ECG\/HR<\/li>\n<li>Saturaci\u00f3n de ox\u00edgeno (SpO2)<\/li>\n<li>Frecuencia del pulso (PR) Presi\u00f3n no invasiva (NIBP)<\/li>\n<li>Respiraci\u00f3n<\/li>\n<li>Temperatura 2 canales<\/li>\n<li>Frecuencia respiratoria (RR)<\/li>\n<li>Puerto reservado para EtCO2.<\/li>\n<\/ul>\n","protected":false},"excerpt":{"rendered":"<p>Monitor multipar\u00e1metros para pacientes Cat. COM-C50 Marca Comen Caracteristicas: Pantalla color t\u00e1ctil con tecnolog\u00eda TFT de 10,4&#8243; Dise\u00f1o a prueba [&hellip;]<\/p>\n","protected":false},"featured_media":275,"comment_status":"open","ping_status":"closed","template":"","meta":{"site-sidebar-layout":"default","site-content-layout":"","ast-site-content-layout":"normal-width-container","site-content-style":"default","site-sidebar-style":"default","ast-global-header-display":"","ast-banner-title-visibility":"","ast-main-header-display":"","ast-hfb-above-header-display":"","ast-hfb-below-header-display":"","ast-hfb-mobile-header-display":"","site-post-title":"","ast-breadcrumbs-content":"","ast-featured-img":"","footer-sml-layout":"","theme-transparent-header-meta":"disabled","adv-header-id-meta":"","stick-header-meta":"","header-above-stick-meta":"","header-main-stick-meta":"","header-below-stick-meta":"","astra-migrate-meta-layouts":"set","ast-page-background-enabled":"default","ast-page-background-meta":{"desktop":{"background-color":"var(--ast-global-color-4)","background-image":"","background-repeat":"repeat","background-position":"center center","background-size":"auto","background-attachment":"scroll","background-type":"","background-media":"","overlay-type":"","overlay-color":"","overlay-gradient":""},"tablet":{"background-color":"","background-image":"","background-repeat":"repeat","background-position":"center center","background-size":"auto","background-attachment":"scroll","background-type":"","background-media":"","overlay-type":"","overlay-color":"","overlay-gradient":""},"mobile":{"background-color":"","background-image":"","background-repeat":"repeat","background-position":"center center","background-size":"auto","background-attachment":"scroll","background-type":"","background-media":"","overlay-type":"","overlay-color":"","overlay-gradient":""}},"ast-content-background-meta":{"desktop":{"background-color":"var(--ast-global-color-5)","background-image":"","background-repeat":"repeat","background-position":"center center","background-size":"auto","background-attachment":"scroll","background-type":"","background-media":"","overlay-type":"","overlay-color":"","overlay-gradient":""},"tablet":{"background-color":"var(--ast-global-color-5)","background-image":"","background-repeat":"repeat","background-position":"center center","background-size":"auto","background-attachment":"scroll","background-type":"","background-media":"","overlay-type":"","overlay-color":"","overlay-gradient":""},"mobile":{"background-color":"var(--ast-global-color-5)","background-image":"","background-repeat":"repeat","background-position":"center center","background-size":"auto","background-attachment":"scroll","background-type":"","background-media":"","overlay-type":"","overlay-color":"","overlay-gradient":""}}},"product_cat":[23,31],"product_tag":[24],"_links":{"self":[{"href":"https:\/\/dislabequipomedico.com\/index.php\/wp-json\/wp\/v2\/product\/273"}],"collection":[{"href":"https:\/\/dislabequipomedico.com\/index.php\/wp-json\/wp\/v2\/product"}],"about":[{"href":"https:\/\/dislabequipomedico.com\/index.php\/wp-json\/wp\/v2\/types\/product"}],"replies":[{"embeddable":true,"href":"https:\/\/dislabequipomedico.com\/index.php\/wp-json\/wp\/v2\/comments?post=273"}],"wp:featuredmedia":[{"embeddable":true,"href":"https:\/\/dislabequipomedico.com\/index.php\/wp-json\/wp\/v2\/media\/275"}],"wp:attachment":[{"href":"https:\/\/dislabequipomedico.com\/index.php\/wp-json\/wp\/v2\/media?parent=273"}],"wp:term":[{"taxonomy":"product_cat","embeddable":true,"href":"https:\/\/dislabequipomedico.com\/index.php\/wp-json\/wp\/v2\/product_cat?post=273"},{"taxonomy":"product_tag","embeddable":true,"href":"https:\/\/dislabequipomedico.com\/index.php\/wp-json\/wp\/v2\/product_tag?post=273"}],"curies":[{"name":"wp","href":"https:\/\/api.w.org\/{rel}","templated":true}]}}