{"id":326,"date":"2024-04-04T22:43:09","date_gmt":"2024-04-04T20:43:09","guid":{"rendered":"https:\/\/dislabequipomedico.com\/?post_type=product&#038;p=326"},"modified":"2024-04-04T22:56:48","modified_gmt":"2024-04-04T20:56:48","slug":"monitor-de-signos-vitales-mindray-umec12","status":"publish","type":"product","link":"https:\/\/dislabequipomedico.com\/index.php\/producto\/monitor-de-signos-vitales-mindray-umec12\/","title":{"rendered":"Monitor de signos vitales Mindray uMEC12"},"content":{"rendered":"<p>Monitor de signos vitales mindray umec 12 es port\u00e1til y f\u00e1cil de transportar, adem\u00e1s de que cuenta con una bater\u00eda de larga duraci\u00f3n.<\/p>\n<p>Este monitor de constantes vitales, umec 12 ayuda a simplificar el flujo de trabajo y mejorar la eficiencia. Este modelo de monitor de signos vitales proporciona una interfaz de usuario muy intuitiva para ayudar a aplicaciones m\u00e1s r\u00e1pidas y f\u00e1ciles.<\/p>\n<p>Los perfiles de configuraci\u00f3n se pueden personalizar y cargar f\u00e1cilmente para diferentes escenarios cl\u00ednicos o requisitos de uso, incluidos valores por defecto, disposici\u00f3n de la pantalla y configuraci\u00f3n del sistema.<\/p>\n<p>Este monitor de signos vitales umec12 de mindray mide los siguientes par\u00e1metros: ecg, resp, temp, pa, spo2. Nota: la informaci\u00f3n del producto puede variar sin previo aviso. Las medidas publicadas son aproximadas, las im\u00e1genes publicadas son con fines ilustrativos y \u00e9stas no pueden coincidir con el producto original.<\/p>\n","protected":false},"excerpt":{"rendered":"<p>Monitor de signos vitales mindray umec 12 es port\u00e1til y f\u00e1cil de transportar, adem\u00e1s de que cuenta con una bater\u00eda [&hellip;]<\/p>\n","protected":false},"featured_media":334,"comment_status":"open","ping_status":"closed","template":"","meta":{"site-sidebar-layout":"default","site-content-layout":"","ast-site-content-layout":"default","site-content-style":"default","site-sidebar-style":"default","ast-global-header-display":"","ast-banner-title-visibility":"","ast-main-header-display":"","ast-hfb-above-header-display":"","ast-hfb-below-header-display":"","ast-hfb-mobile-header-display":"","site-post-title":"","ast-breadcrumbs-content":"","ast-featured-img":"","footer-sml-layout":"","theme-transparent-header-meta":"disabled","adv-header-id-meta":"","stick-header-meta":"","header-above-stick-meta":"","header-main-stick-meta":"","header-below-stick-meta":"","astra-migrate-meta-layouts":"set","ast-page-background-enabled":"default","ast-page-background-meta":{"desktop":{"background-color":"var(--ast-global-color-4)","background-image":"","background-repeat":"repeat","background-position":"center center","background-size":"auto","background-attachment":"scroll","background-type":"","background-media":"","overlay-type":"","overlay-color":"","overlay-gradient":""},"tablet":{"background-color":"","background-image":"","background-repeat":"repeat","background-position":"center center","background-size":"auto","background-attachment":"scroll","background-type":"","background-media":"","overlay-type":"","overlay-color":"","overlay-gradient":""},"mobile":{"background-color":"","background-image":"","background-repeat":"repeat","background-position":"center center","background-size":"auto","background-attachment":"scroll","background-type":"","background-media":"","overlay-type":"","overlay-color":"","overlay-gradient":""}},"ast-content-background-meta":{"desktop":{"background-color":"var(--ast-global-color-5)","background-image":"","background-repeat":"repeat","background-position":"center center","background-size":"auto","background-attachment":"scroll","background-type":"","background-media":"","overlay-type":"","overlay-color":"","overlay-gradient":""},"tablet":{"background-color":"var(--ast-global-color-5)","background-image":"","background-repeat":"repeat","background-position":"center center","background-size":"auto","background-attachment":"scroll","background-type":"","background-media":"","overlay-type":"","overlay-color":"","overlay-gradient":""},"mobile":{"background-color":"var(--ast-global-color-5)","background-image":"","background-repeat":"repeat","background-position":"center center","background-size":"auto","background-attachment":"scroll","background-type":"","background-media":"","overlay-type":"","overlay-color":"","overlay-gradient":""}}},"product_cat":[23],"product_tag":[],"_links":{"self":[{"href":"https:\/\/dislabequipomedico.com\/index.php\/wp-json\/wp\/v2\/product\/326"}],"collection":[{"href":"https:\/\/dislabequipomedico.com\/index.php\/wp-json\/wp\/v2\/product"}],"about":[{"href":"https:\/\/dislabequipomedico.com\/index.php\/wp-json\/wp\/v2\/types\/product"}],"replies":[{"embeddable":true,"href":"https:\/\/dislabequipomedico.com\/index.php\/wp-json\/wp\/v2\/comments?post=326"}],"wp:featuredmedia":[{"embeddable":true,"href":"https:\/\/dislabequipomedico.com\/index.php\/wp-json\/wp\/v2\/media\/334"}],"wp:attachment":[{"href":"https:\/\/dislabequipomedico.com\/index.php\/wp-json\/wp\/v2\/media?parent=326"}],"wp:term":[{"taxonomy":"product_cat","embeddable":true,"href":"https:\/\/dislabequipomedico.com\/index.php\/wp-json\/wp\/v2\/product_cat?post=326"},{"taxonomy":"product_tag","embeddable":true,"href":"https:\/\/dislabequipomedico.com\/index.php\/wp-json\/wp\/v2\/product_tag?post=326"}],"curies":[{"name":"wp","href":"https:\/\/api.w.org\/{rel}","templated":true}]}}