{"id":355,"date":"2024-04-05T02:06:54","date_gmt":"2024-04-05T00:06:54","guid":{"rendered":"https:\/\/dislabequipomedico.com\/?post_type=product&#038;p=355"},"modified":"2024-05-09T19:28:44","modified_gmt":"2024-05-10T01:28:44","slug":"humalyzer-3000","status":"publish","type":"product","link":"https:\/\/dislabequipomedico.com\/index.php\/producto\/humalyzer-3000\/","title":{"rendered":"Humalyzer 3000"},"content":{"rendered":"<ul>\n<li>Rango espectral: 330 a 770 nm<\/li>\n<li>Computadora: Microprocesador Z180 18MHZ 128K eeprom, 32K bytes de RAM no vol\u00e1til (NVRAM)<\/li>\n<li>Fot\u00f3metro: l\u00e1mpara hal\u00f3gena de tungsteno con circuito autom\u00e1tico de ahorro de l\u00e1mpara, rueda de filtro de 8 posiciones, filtros integrados de 340, 405, 505, 545, 580 y 630 nm, 2 posiciones de filtro libres.<\/li>\n<li>Cubeta: Temp. Celda de micro flujo controlada de alta precisi\u00f3n.<\/li>\n<li>Incubadora: Temp. Incubadora controlada de 18 posiciones (37) (Externa<\/li>\n<li>Par\u00e1metros: Hasta 120 m\u00e9todos [44 preconfigurados, 76 abiertos]<\/li>\n<\/ul>\n","protected":false},"excerpt":{"rendered":"<h5>Sistema: Analizador de bioqu\u00edmica semiautom\u00e1tico de sistema totalmente ABIERTO.<\/h5>\n","protected":false},"featured_media":356,"comment_status":"open","ping_status":"closed","template":"","meta":{"site-sidebar-layout":"default","site-content-layout":"","ast-site-content-layout":"default","site-content-style":"default","site-sidebar-style":"default","ast-global-header-display":"","ast-banner-title-visibility":"","ast-main-header-display":"","ast-hfb-above-header-display":"","ast-hfb-below-header-display":"","ast-hfb-mobile-header-display":"","site-post-title":"","ast-breadcrumbs-content":"","ast-featured-img":"","footer-sml-layout":"","theme-transparent-header-meta":"disabled","adv-header-id-meta":"","stick-header-meta":"","header-above-stick-meta":"","header-main-stick-meta":"","header-below-stick-meta":"","astra-migrate-meta-layouts":"set","ast-page-background-enabled":"default","ast-page-background-meta":{"desktop":{"background-color":"var(--ast-global-color-4)","background-image":"","background-repeat":"repeat","background-position":"center center","background-size":"auto","background-attachment":"scroll","background-type":"","background-media":"","overlay-type":"","overlay-color":"","overlay-gradient":""},"tablet":{"background-color":"","background-image":"","background-repeat":"repeat","background-position":"center center","background-size":"auto","background-attachment":"scroll","background-type":"","background-media":"","overlay-type":"","overlay-color":"","overlay-gradient":""},"mobile":{"background-color":"","background-image":"","background-repeat":"repeat","background-position":"center center","background-size":"auto","background-attachment":"scroll","background-type":"","background-media":"","overlay-type":"","overlay-color":"","overlay-gradient":""}},"ast-content-background-meta":{"desktop":{"background-color":"var(--ast-global-color-5)","background-image":"","background-repeat":"repeat","background-position":"center center","background-size":"auto","background-attachment":"scroll","background-type":"","background-media":"","overlay-type":"","overlay-color":"","overlay-gradient":""},"tablet":{"background-color":"var(--ast-global-color-5)","background-image":"","background-repeat":"repeat","background-position":"center center","background-size":"auto","background-attachment":"scroll","background-type":"","background-media":"","overlay-type":"","overlay-color":"","overlay-gradient":""},"mobile":{"background-color":"var(--ast-global-color-5)","background-image":"","background-repeat":"repeat","background-position":"center center","background-size":"auto","background-attachment":"scroll","background-type":"","background-media":"","overlay-type":"","overlay-color":"","overlay-gradient":""}}},"product_cat":[34,27],"product_tag":[],"_links":{"self":[{"href":"https:\/\/dislabequipomedico.com\/index.php\/wp-json\/wp\/v2\/product\/355"}],"collection":[{"href":"https:\/\/dislabequipomedico.com\/index.php\/wp-json\/wp\/v2\/product"}],"about":[{"href":"https:\/\/dislabequipomedico.com\/index.php\/wp-json\/wp\/v2\/types\/product"}],"replies":[{"embeddable":true,"href":"https:\/\/dislabequipomedico.com\/index.php\/wp-json\/wp\/v2\/comments?post=355"}],"wp:featuredmedia":[{"embeddable":true,"href":"https:\/\/dislabequipomedico.com\/index.php\/wp-json\/wp\/v2\/media\/356"}],"wp:attachment":[{"href":"https:\/\/dislabequipomedico.com\/index.php\/wp-json\/wp\/v2\/media?parent=355"}],"wp:term":[{"taxonomy":"product_cat","embeddable":true,"href":"https:\/\/dislabequipomedico.com\/index.php\/wp-json\/wp\/v2\/product_cat?post=355"},{"taxonomy":"product_tag","embeddable":true,"href":"https:\/\/dislabequipomedico.com\/index.php\/wp-json\/wp\/v2\/product_tag?post=355"}],"curies":[{"name":"wp","href":"https:\/\/api.w.org\/{rel}","templated":true}]}}