{"id":587,"date":"2024-05-09T21:45:09","date_gmt":"2024-05-10T03:45:09","guid":{"rendered":"https:\/\/dislabequipomedico.com\/?post_type=product&#038;p=587"},"modified":"2024-06-18T15:43:59","modified_gmt":"2024-06-18T21:43:59","slug":"ultrasonido-ebit-60","status":"publish","type":"product","link":"https:\/\/dislabequipomedico.com\/index.php\/producto\/ultrasonido-ebit-60\/","title":{"rendered":"SonoScape P9"},"content":{"rendered":"<p><strong>P9 tiene las siguientes ventajas:<\/strong><\/p>\n<ul>\n<li>fiabilidad;<\/li>\n<li>eficacia;<\/li>\n<li>precisi\u00f3n e informaci\u00f3n;<\/li>\n<li>facilidad de manejo;<\/li>\n<li>confianza y el reconocimiento de m\u00e9dicos de todo el mundo.<\/li>\n<\/ul>\n<p><strong>Que P9 es necesario para ?<\/strong><\/p>\n<p>Ec\u00f3grafos \u2014 dispositivos importantes para equipar las instituciones m\u00e9dicas y los consultorios m\u00e9dicos. Los equipos m\u00e1s modernos permiten ampliar la lista de servicios para los clientes, mejoran la calidad del servicio. Los dispositivos contribuyen a mejorar el estado de los pacientes y garantizan un trabajo c\u00f3modo de los especialistas.<\/p>\n","protected":false},"excerpt":{"rendered":"<p>P9 tiene las siguientes ventajas: fiabilidad; eficacia; precisi\u00f3n e informaci\u00f3n; facilidad de manejo; confianza y el reconocimiento de m\u00e9dicos de [&hellip;]<\/p>\n","protected":false},"featured_media":756,"comment_status":"open","ping_status":"closed","template":"","meta":{"site-sidebar-layout":"default","site-content-layout":"","ast-site-content-layout":"default","site-content-style":"default","site-sidebar-style":"default","ast-global-header-display":"","ast-banner-title-visibility":"","ast-main-header-display":"","ast-hfb-above-header-display":"","ast-hfb-below-header-display":"","ast-hfb-mobile-header-display":"","site-post-title":"","ast-breadcrumbs-content":"","ast-featured-img":"","footer-sml-layout":"","theme-transparent-header-meta":"disabled","adv-header-id-meta":"","stick-header-meta":"","header-above-stick-meta":"","header-main-stick-meta":"","header-below-stick-meta":"","astra-migrate-meta-layouts":"set","ast-page-background-enabled":"default","ast-page-background-meta":{"desktop":{"background-color":"var(--ast-global-color-4)","background-image":"","background-repeat":"repeat","background-position":"center center","background-size":"auto","background-attachment":"scroll","background-type":"","background-media":"","overlay-type":"","overlay-color":"","overlay-gradient":""},"tablet":{"background-color":"","background-image":"","background-repeat":"repeat","background-position":"center center","background-size":"auto","background-attachment":"scroll","background-type":"","background-media":"","overlay-type":"","overlay-color":"","overlay-gradient":""},"mobile":{"background-color":"","background-image":"","background-repeat":"repeat","background-position":"center center","background-size":"auto","background-attachment":"scroll","background-type":"","background-media":"","overlay-type":"","overlay-color":"","overlay-gradient":""}},"ast-content-background-meta":{"desktop":{"background-color":"var(--ast-global-color-5)","background-image":"","background-repeat":"repeat","background-position":"center center","background-size":"auto","background-attachment":"scroll","background-type":"","background-media":"","overlay-type":"","overlay-color":"","overlay-gradient":""},"tablet":{"background-color":"var(--ast-global-color-5)","background-image":"","background-repeat":"repeat","background-position":"center center","background-size":"auto","background-attachment":"scroll","background-type":"","background-media":"","overlay-type":"","overlay-color":"","overlay-gradient":""},"mobile":{"background-color":"var(--ast-global-color-5)","background-image":"","background-repeat":"repeat","background-position":"center center","background-size":"auto","background-attachment":"scroll","background-type":"","background-media":"","overlay-type":"","overlay-color":"","overlay-gradient":""}}},"product_cat":[31,39,37],"product_tag":[],"_links":{"self":[{"href":"https:\/\/dislabequipomedico.com\/index.php\/wp-json\/wp\/v2\/product\/587"}],"collection":[{"href":"https:\/\/dislabequipomedico.com\/index.php\/wp-json\/wp\/v2\/product"}],"about":[{"href":"https:\/\/dislabequipomedico.com\/index.php\/wp-json\/wp\/v2\/types\/product"}],"replies":[{"embeddable":true,"href":"https:\/\/dislabequipomedico.com\/index.php\/wp-json\/wp\/v2\/comments?post=587"}],"wp:featuredmedia":[{"embeddable":true,"href":"https:\/\/dislabequipomedico.com\/index.php\/wp-json\/wp\/v2\/media\/756"}],"wp:attachment":[{"href":"https:\/\/dislabequipomedico.com\/index.php\/wp-json\/wp\/v2\/media?parent=587"}],"wp:term":[{"taxonomy":"product_cat","embeddable":true,"href":"https:\/\/dislabequipomedico.com\/index.php\/wp-json\/wp\/v2\/product_cat?post=587"},{"taxonomy":"product_tag","embeddable":true,"href":"https:\/\/dislabequipomedico.com\/index.php\/wp-json\/wp\/v2\/product_tag?post=587"}],"curies":[{"name":"wp","href":"https:\/\/api.w.org\/{rel}","templated":true}]}}