{"id":591,"date":"2024-05-09T21:51:45","date_gmt":"2024-05-10T03:51:45","guid":{"rendered":"https:\/\/dislabequipomedico.com\/?post_type=product&#038;p=591"},"modified":"2024-06-07T16:18:57","modified_gmt":"2024-06-07T22:18:57","slug":"ultrasonido-sonoair-70","status":"publish","type":"product","link":"https:\/\/dislabequipomedico.com\/index.php\/producto\/ultrasonido-sonoair-70\/","title":{"rendered":"SonoScape P20"},"content":{"rendered":"<p>El sistema P20 mejora la flexibilidad y la eficacia al elevarlos a un nuevo nivel.\u00a0El P20 con sus procesadores de transmisi\u00f3n y recepci\u00f3n de se\u00f1al ofrece una mayor sensibilidad y una detecci\u00f3n de la estructura anat\u00f3mica m\u00e1s precisa.\u00a0Adem\u00e1s, P20 est\u00e1 equipado con una amplia gama de transductores que adoptan tecnolog\u00edas innovadoras y, por lo tanto, prometen una experiencia de diagn\u00f3stico superior.<\/p>\n<p>La arquitectura de imagen avanzada que aprovecha las nuevas sondas de un solo cristal, el sistema ampl\u00eda la capacidad de diagn\u00f3stico y la calidad en todas las aplicaciones cl\u00ednicas.<\/p>\n<ul>\n<li>\u03bc-Scan.<\/li>\n<li>Im\u00e1genes adaptativas de haz m\u00faltiple.<\/li>\n<li>Color din\u00e1mico.<\/li>\n<li>Transductores de cristal \u00fanico.<\/li>\n<li>Dise\u00f1o ergon\u00f3mico.<\/li>\n<li>Monitor LED de 21.5 \u00bb con brazo articulado.<\/li>\n<li>Pantalla t\u00e1ctil ajustable de 13.3 \u00ab.<\/li>\n<li>Panel de control giratorio y regulable en altura.<\/li>\n<\/ul>\n<p>En Opci\u00f3n:<\/p>\n<ul>\n<li>Calentador de gel integrado.<\/li>\n<li>Bater\u00eda incorporada.<\/li>\n<li>Conexi\u00f3n wifi.<\/li>\n<\/ul>\n","protected":false},"excerpt":{"rendered":"<p>El sistema P20 mejora la flexibilidad y la eficacia al elevarlos a un nuevo nivel.\u00a0El P20 con sus procesadores de [&hellip;]<\/p>\n","protected":false},"featured_media":753,"comment_status":"open","ping_status":"closed","template":"","meta":{"site-sidebar-layout":"default","site-content-layout":"","ast-site-content-layout":"default","site-content-style":"default","site-sidebar-style":"default","ast-global-header-display":"","ast-banner-title-visibility":"","ast-main-header-display":"","ast-hfb-above-header-display":"","ast-hfb-below-header-display":"","ast-hfb-mobile-header-display":"","site-post-title":"","ast-breadcrumbs-content":"","ast-featured-img":"","footer-sml-layout":"","theme-transparent-header-meta":"disabled","adv-header-id-meta":"","stick-header-meta":"","header-above-stick-meta":"","header-main-stick-meta":"","header-below-stick-meta":"","astra-migrate-meta-layouts":"set","ast-page-background-enabled":"default","ast-page-background-meta":{"desktop":{"background-color":"var(--ast-global-color-4)","background-image":"","background-repeat":"repeat","background-position":"center center","background-size":"auto","background-attachment":"scroll","background-type":"","background-media":"","overlay-type":"","overlay-color":"","overlay-gradient":""},"tablet":{"background-color":"","background-image":"","background-repeat":"repeat","background-position":"center center","background-size":"auto","background-attachment":"scroll","background-type":"","background-media":"","overlay-type":"","overlay-color":"","overlay-gradient":""},"mobile":{"background-color":"","background-image":"","background-repeat":"repeat","background-position":"center center","background-size":"auto","background-attachment":"scroll","background-type":"","background-media":"","overlay-type":"","overlay-color":"","overlay-gradient":""}},"ast-content-background-meta":{"desktop":{"background-color":"var(--ast-global-color-5)","background-image":"","background-repeat":"repeat","background-position":"center center","background-size":"auto","background-attachment":"scroll","background-type":"","background-media":"","overlay-type":"","overlay-color":"","overlay-gradient":""},"tablet":{"background-color":"var(--ast-global-color-5)","background-image":"","background-repeat":"repeat","background-position":"center center","background-size":"auto","background-attachment":"scroll","background-type":"","background-media":"","overlay-type":"","overlay-color":"","overlay-gradient":""},"mobile":{"background-color":"var(--ast-global-color-5)","background-image":"","background-repeat":"repeat","background-position":"center center","background-size":"auto","background-attachment":"scroll","background-type":"","background-media":"","overlay-type":"","overlay-color":"","overlay-gradient":""}}},"product_cat":[38,31,37],"product_tag":[],"_links":{"self":[{"href":"https:\/\/dislabequipomedico.com\/index.php\/wp-json\/wp\/v2\/product\/591"}],"collection":[{"href":"https:\/\/dislabequipomedico.com\/index.php\/wp-json\/wp\/v2\/product"}],"about":[{"href":"https:\/\/dislabequipomedico.com\/index.php\/wp-json\/wp\/v2\/types\/product"}],"replies":[{"embeddable":true,"href":"https:\/\/dislabequipomedico.com\/index.php\/wp-json\/wp\/v2\/comments?post=591"}],"wp:featuredmedia":[{"embeddable":true,"href":"https:\/\/dislabequipomedico.com\/index.php\/wp-json\/wp\/v2\/media\/753"}],"wp:attachment":[{"href":"https:\/\/dislabequipomedico.com\/index.php\/wp-json\/wp\/v2\/media?parent=591"}],"wp:term":[{"taxonomy":"product_cat","embeddable":true,"href":"https:\/\/dislabequipomedico.com\/index.php\/wp-json\/wp\/v2\/product_cat?post=591"},{"taxonomy":"product_tag","embeddable":true,"href":"https:\/\/dislabequipomedico.com\/index.php\/wp-json\/wp\/v2\/product_tag?post=591"}],"curies":[{"name":"wp","href":"https:\/\/api.w.org\/{rel}","templated":true}]}}