{"id":639,"date":"2024-05-09T23:14:35","date_gmt":"2024-05-10T05:14:35","guid":{"rendered":"https:\/\/dislabequipomedico.com\/?post_type=product&#038;p=639"},"modified":"2024-05-09T23:14:36","modified_gmt":"2024-05-10T05:14:36","slug":"allegra-x-5","status":"publish","type":"product","link":"https:\/\/dislabequipomedico.com\/index.php\/producto\/allegra-x-5\/","title":{"rendered":"Allegra X-5"},"content":{"rendered":"<ul>\n<li>Centr\u00edfuga de sobremesa refrigerada por aire.<\/li>\n<li>Rendimiento confiable con los est\u00e1ndares m\u00e1s exactos para la preparaci\u00f3n de pr\u00e1cticamente cualquier muestra cl\u00ednica.<\/li>\n<li>Configuraci\u00f3n de funcionamiento r\u00e1pida con paquetes pr\u00e1cticos y previamente agrupados.\n<ul>\n<li>Incluye rotores de paletas oscilantes y adaptadores comunes (adaptadores opcionales tambi\u00e9n disponibles).<\/li>\n<\/ul>\n<\/li>\n<li>Ideal para el procesamiento de muestras de sangre entera, plasma y suero, precipitado de prote\u00ednas, sedimentaci\u00f3n de part\u00edculas y c\u00e9lulas; citotoxicidad in vitro y procesamiento de muestras de uni\u00f3n a receptores.<\/li>\n<li>Cumple con los est\u00e1ndares cl\u00ednicos y de seguridad m\u00e1s recientes.<\/li>\n<li>4700 rpm<\/li>\n<li>4470 x<em>\u00a0g<\/em><\/li>\n<\/ul>\n","protected":false},"excerpt":{"rendered":"<h2>Rendimiento de precisi\u00f3n para laboratorios cl\u00ednicos<\/h2>\n","protected":false},"featured_media":640,"comment_status":"open","ping_status":"closed","template":"","meta":{"site-sidebar-layout":"default","site-content-layout":"","ast-site-content-layout":"default","site-content-style":"default","site-sidebar-style":"default","ast-global-header-display":"","ast-banner-title-visibility":"","ast-main-header-display":"","ast-hfb-above-header-display":"","ast-hfb-below-header-display":"","ast-hfb-mobile-header-display":"","site-post-title":"","ast-breadcrumbs-content":"","ast-featured-img":"","footer-sml-layout":"","theme-transparent-header-meta":"disabled","adv-header-id-meta":"","stick-header-meta":"","header-above-stick-meta":"","header-main-stick-meta":"","header-below-stick-meta":"","astra-migrate-meta-layouts":"set","ast-page-background-enabled":"default","ast-page-background-meta":{"desktop":{"background-color":"var(--ast-global-color-4)","background-image":"","background-repeat":"repeat","background-position":"center center","background-size":"auto","background-attachment":"scroll","background-type":"","background-media":"","overlay-type":"","overlay-color":"","overlay-gradient":""},"tablet":{"background-color":"","background-image":"","background-repeat":"repeat","background-position":"center center","background-size":"auto","background-attachment":"scroll","background-type":"","background-media":"","overlay-type":"","overlay-color":"","overlay-gradient":""},"mobile":{"background-color":"","background-image":"","background-repeat":"repeat","background-position":"center center","background-size":"auto","background-attachment":"scroll","background-type":"","background-media":"","overlay-type":"","overlay-color":"","overlay-gradient":""}},"ast-content-background-meta":{"desktop":{"background-color":"var(--ast-global-color-5)","background-image":"","background-repeat":"repeat","background-position":"center center","background-size":"auto","background-attachment":"scroll","background-type":"","background-media":"","overlay-type":"","overlay-color":"","overlay-gradient":""},"tablet":{"background-color":"var(--ast-global-color-5)","background-image":"","background-repeat":"repeat","background-position":"center center","background-size":"auto","background-attachment":"scroll","background-type":"","background-media":"","overlay-type":"","overlay-color":"","overlay-gradient":""},"mobile":{"background-color":"var(--ast-global-color-5)","background-image":"","background-repeat":"repeat","background-position":"center center","background-size":"auto","background-attachment":"scroll","background-type":"","background-media":"","overlay-type":"","overlay-color":"","overlay-gradient":""}}},"product_cat":[45,36],"product_tag":[],"_links":{"self":[{"href":"https:\/\/dislabequipomedico.com\/index.php\/wp-json\/wp\/v2\/product\/639"}],"collection":[{"href":"https:\/\/dislabequipomedico.com\/index.php\/wp-json\/wp\/v2\/product"}],"about":[{"href":"https:\/\/dislabequipomedico.com\/index.php\/wp-json\/wp\/v2\/types\/product"}],"replies":[{"embeddable":true,"href":"https:\/\/dislabequipomedico.com\/index.php\/wp-json\/wp\/v2\/comments?post=639"}],"wp:featuredmedia":[{"embeddable":true,"href":"https:\/\/dislabequipomedico.com\/index.php\/wp-json\/wp\/v2\/media\/640"}],"wp:attachment":[{"href":"https:\/\/dislabequipomedico.com\/index.php\/wp-json\/wp\/v2\/media?parent=639"}],"wp:term":[{"taxonomy":"product_cat","embeddable":true,"href":"https:\/\/dislabequipomedico.com\/index.php\/wp-json\/wp\/v2\/product_cat?post=639"},{"taxonomy":"product_tag","embeddable":true,"href":"https:\/\/dislabequipomedico.com\/index.php\/wp-json\/wp\/v2\/product_tag?post=639"}],"curies":[{"name":"wp","href":"https:\/\/api.w.org\/{rel}","templated":true}]}}